{"id":326,"date":"2020-11-13T10:10:04","date_gmt":"2020-11-13T10:10:04","guid":{"rendered":"https:\/\/www.actosinstitucionales.archimadrid.com\/?page_id=326"},"modified":"2022-06-08T11:18:04","modified_gmt":"2022-06-08T09:18:04","slug":"corpus-christi","status":"publish","type":"page","link":"https:\/\/www.actosinstitucionales.archimadrid.com\/index.php\/corpus-christi\/","title":{"rendered":"Corpus Christi"},"content":{"rendered":"<p>[et_pb_section fb_built=\u00bb1&#8243; fullwidth=\u00bbon\u00bb _builder_version=\u00bb4.16&#8243; _module_preset=\u00bbdefault\u00bb background_image=\u00bbhttps:\/\/www.actosinstitucionales.archimadrid.com\/wp-content\/uploads\/2020\/11\/Corpus_2019_g.jpg\u00bb parallax=\u00bbon\u00bb custom_padding=\u00bb|||\u00bb animation_style=\u00bbslide\u00bb animation_direction=\u00bbtop\u00bb animation_intensity_slide=\u00bb2%\u00bb global_colors_info=\u00bb{}\u00bb][et_pb_fullwidth_header title=\u00bbCorpus Christi\u00bb _builder_version=\u00bb4.16&#8243; _module_preset=\u00bbdefault\u00bb title_font=\u00bb||||||||\u00bb title_font_size=\u00bb60px\u00bb background_enable_color=\u00bboff\u00bb use_background_color_gradient=\u00bbon\u00bb background_color_gradient_direction=\u00bb90deg\u00bb background_color_gradient_stops=\u00bb#000000 0%|rgba(0,0,0,0) 100%\u00bb background_color_gradient_start=\u00bb#000000&#8243; background_color_gradient_end=\u00bbrgba(0,0,0,0)\u00bb custom_margin=\u00bb|30%|||false|false\u00bb custom_padding=\u00bb8vw||8vw||true|false\u00bb title_text_shadow_style=\u00bbpreset2&#8243; text_shadow_style=\u00bbpreset2&#8243; global_colors_info=\u00bb{}\u00bb]<\/p>\n<p><span style=\"font-size: 14pt;\">La procesi\u00f3n del Corpus Christi en la Solemnidad del Cuerpo y la Sangre de Cristo es hacer un homenaje agradecido, p\u00fablico y multitudinario de la presencia real de Cristo en la Eucarist\u00eda.<\/span><\/p>\n<p>[\/et_pb_fullwidth_header][\/et_pb_section][et_pb_section fb_built=\u00bb1&#8243; custom_padding_last_edited=\u00bbon|tablet\u00bb admin_label=\u00bbCorpus Historia\u00bb _builder_version=\u00bb4.17.4&#8243; background_image=\u00bbhttps:\/\/www.actosinstitucionales.archimadrid.com\/wp-content\/uploads\/2020\/10\/sponsor-bg-01-1.png\u00bb background_size=\u00bbinitial\u00bb background_position=\u00bbcenter_right\u00bb custom_padding=\u00bb|10vw||\u00bb custom_padding_tablet=\u00bb|0vw||\u00bb custom_padding_phone=\u00bb\u00bb hover_enabled=\u00bb0&#8243; border_color_all=\u00bb#8300e9&#8243; border_width_left=\u00bb10vw\u00bb collapsed=\u00bboff\u00bb global_colors_info=\u00bb{}\u00bb sticky_enabled=\u00bb0&#8243;][et_pb_row column_structure=\u00bb2_5,3_5&#8243; _builder_version=\u00bb4.16&#8243; global_colors_info=\u00bb{}\u00bb][et_pb_column type=\u00bb2_5&#8243; _builder_version=\u00bb4.16&#8243; custom_padding=\u00bb|||\u00bb global_colors_info=\u00bb{}\u00bb custom_padding__hover=\u00bb|||\u00bb][et_pb_image src=\u00bbhttps:\/\/www.actosinstitucionales.archimadrid.com\/wp-content\/uploads\/2020\/11\/Corpus_d_2019.jpg\u00bb title_text=\u00bbCorpus_d_2019&#8243; align_tablet=\u00bbcenter\u00bb align_phone=\u00bb\u00bb align_last_edited=\u00bbon|desktop\u00bb _builder_version=\u00bb4.16&#8243; border_radii=\u00bbon|10px|10px|10px|10px\u00bb global_colors_info=\u00bb{}\u00bb][\/et_pb_image][\/et_pb_column][et_pb_column type=\u00bb3_5&#8243; _builder_version=\u00bb4.16&#8243; custom_padding=\u00bb|||\u00bb global_colors_info=\u00bb{}\u00bb custom_padding__hover=\u00bb|||\u00bb][et_pb_text _builder_version=\u00bb4.16&#8243; _module_preset=\u00bbdefault\u00bb global_colors_info=\u00bb{}\u00bb]<\/p>\n<div><span style=\"font-size: 12pt;\">Se acostumbra a sacar en procesi\u00f3n al Sant\u00edsimo Sacramento por las calles y las plazas del centro de Madrid para afirmar el misterio del Dios con nosotros en la Eucarist\u00eda. Su origen data del siglo XIII y, aunque se se\u00f1ala como fecha clave para la celebraci\u00f3n el a\u00f1o 1240, fue realmente Urbano IV quien lo refrend\u00f3 en 1264 PT y Clemente V lo confirm\u00f3 en 1311. Sabemos que en Toledo el castellano monarca Alfonso X el Sabio particip\u00f3 en la celebraci\u00f3n del Corpus en el a\u00f1o de 1280. En el siglo XV ya est\u00e1 establecida de forma definitiva la fiesta, en Madrid<\/span><\/div>\n<div>\u00a0<\/div>\n<div><span style=\"font-size: 12pt;\">Una tradici\u00f3n de siglos en Madrid donde el Sant\u00edsimo es acompa\u00f1ado por las congregaciones, asociaciones y hermandades eucar\u00edsticas de la ciudad, junto con el pueblo cristiano madrile\u00f1o. Esta tiene lugar todos los a\u00f1os en la tarde del domingo posterior a la Sant\u00edsima Trinidad. Se utiliza para ello la Custodia de la ciudad realizada por Francisco \u00a0\u00c1lvarez\u00a0 en dos partes primero en 1568 las andas y m\u00e1s tarde en 1573 la\u00a0 custodia completa. Dado que la ciudad de Madrid estaba incorporada a la di\u00f3cesis de Toledo y no hab\u00eda Catedral se decidi\u00f3 depositar en el Ayuntamiento donde actualmente se conserva. \u00a0<\/span><\/div>\n<p>[\/et_pb_text][\/et_pb_column][\/et_pb_row][\/et_pb_section]<\/p>\n","protected":false},"excerpt":{"rendered":"<p>La procesi\u00f3n del Corpus Christi en la Solemnidad del Cuerpo y la Sangre de Cristo es hacer un homenaje agradecido, p\u00fablico y multitudinario de la presencia real de Cristo en la Eucarist\u00eda.Se acostumbra a sacar en procesi\u00f3n al Sant\u00edsimo Sacramento por las calles y las plazas del centro de Madrid para afirmar el misterio del [&hellip;]<\/p>\n","protected":false},"author":2,"featured_media":0,"parent":0,"menu_order":0,"comment_status":"closed","ping_status":"closed","template":"","meta":{"_et_pb_use_builder":"on","_et_pb_old_content":"","_et_gb_content_width":"","footnotes":""},"class_list":["post-326","page","type-page","status-publish","hentry"],"yoast_head":"<!-- This site is optimized with the Yoast SEO plugin v26.2 - https:\/\/yoast.com\/wordpress\/plugins\/seo\/ -->\n<title>Corpus Christi - Actos Institucionales<\/title>\n<meta name=\"robots\" content=\"index, follow, max-snippet:-1, max-image-preview:large, max-video-preview:-1\" \/>\n<link rel=\"canonical\" href=\"https:\/\/www.actosinstitucionales.archimadrid.com\/index.php\/corpus-christi\/\" \/>\n<meta property=\"og:locale\" content=\"es_ES\" \/>\n<meta property=\"og:type\" content=\"article\" \/>\n<meta property=\"og:title\" content=\"Corpus Christi - Actos Institucionales\" \/>\n<meta property=\"og:description\" content=\"La procesi\u00f3n del Corpus Christi en la Solemnidad del Cuerpo y la Sangre de Cristo es hacer un homenaje agradecido, p\u00fablico y multitudinario de la presencia real de Cristo en la Eucarist\u00eda.Se acostumbra a sacar en procesi\u00f3n al Sant\u00edsimo Sacramento por las calles y las plazas del centro de Madrid para afirmar el misterio del [&hellip;]\" \/>\n<meta property=\"og:url\" content=\"https:\/\/www.actosinstitucionales.archimadrid.com\/index.php\/corpus-christi\/\" \/>\n<meta property=\"og:site_name\" content=\"Actos Institucionales\" \/>\n<meta property=\"article:modified_time\" content=\"2022-06-08T09:18:04+00:00\" \/>\n<meta name=\"twitter:card\" content=\"summary_large_image\" \/>\n<meta name=\"twitter:label1\" content=\"Tiempo de lectura\" \/>\n\t<meta name=\"twitter:data1\" content=\"3 minutos\" \/>\n<script type=\"application\/ld+json\" class=\"yoast-schema-graph\">{\"@context\":\"https:\/\/schema.org\",\"@graph\":[{\"@type\":\"WebPage\",\"@id\":\"https:\/\/www.actosinstitucionales.archimadrid.com\/index.php\/corpus-christi\/\",\"url\":\"https:\/\/www.actosinstitucionales.archimadrid.com\/index.php\/corpus-christi\/\",\"name\":\"Corpus Christi - Actos Institucionales\",\"isPartOf\":{\"@id\":\"https:\/\/www.actosinstitucionales.archimadrid.com\/#website\"},\"datePublished\":\"2020-11-13T10:10:04+00:00\",\"dateModified\":\"2022-06-08T09:18:04+00:00\",\"breadcrumb\":{\"@id\":\"https:\/\/www.actosinstitucionales.archimadrid.com\/index.php\/corpus-christi\/#breadcrumb\"},\"inLanguage\":\"es\",\"potentialAction\":[{\"@type\":\"ReadAction\",\"target\":[\"https:\/\/www.actosinstitucionales.archimadrid.com\/index.php\/corpus-christi\/\"]}]},{\"@type\":\"BreadcrumbList\",\"@id\":\"https:\/\/www.actosinstitucionales.archimadrid.com\/index.php\/corpus-christi\/#breadcrumb\",\"itemListElement\":[{\"@type\":\"ListItem\",\"position\":1,\"name\":\"Home\",\"item\":\"https:\/\/www.actosinstitucionales.archimadrid.com\/\"},{\"@type\":\"ListItem\",\"position\":2,\"name\":\"Corpus Christi\"}]},{\"@type\":\"WebSite\",\"@id\":\"https:\/\/www.actosinstitucionales.archimadrid.com\/#website\",\"url\":\"https:\/\/www.actosinstitucionales.archimadrid.com\/\",\"name\":\"Actos Institucionales\",\"description\":\"Archidi\u00f3cesis de Madrid\",\"potentialAction\":[{\"@type\":\"SearchAction\",\"target\":{\"@type\":\"EntryPoint\",\"urlTemplate\":\"https:\/\/www.actosinstitucionales.archimadrid.com\/?s={search_term_string}\"},\"query-input\":{\"@type\":\"PropertyValueSpecification\",\"valueRequired\":true,\"valueName\":\"search_term_string\"}}],\"inLanguage\":\"es\"}]}<\/script>\n<!-- \/ Yoast SEO plugin. -->","yoast_head_json":{"title":"Corpus Christi - Actos Institucionales","robots":{"index":"index","follow":"follow","max-snippet":"max-snippet:-1","max-image-preview":"max-image-preview:large","max-video-preview":"max-video-preview:-1"},"canonical":"https:\/\/www.actosinstitucionales.archimadrid.com\/index.php\/corpus-christi\/","og_locale":"es_ES","og_type":"article","og_title":"Corpus Christi - Actos Institucionales","og_description":"La procesi\u00f3n del Corpus Christi en la Solemnidad del Cuerpo y la Sangre de Cristo es hacer un homenaje agradecido, p\u00fablico y multitudinario de la presencia real de Cristo en la Eucarist\u00eda.Se acostumbra a sacar en procesi\u00f3n al Sant\u00edsimo Sacramento por las calles y las plazas del centro de Madrid para afirmar el misterio del [&hellip;]","og_url":"https:\/\/www.actosinstitucionales.archimadrid.com\/index.php\/corpus-christi\/","og_site_name":"Actos Institucionales","article_modified_time":"2022-06-08T09:18:04+00:00","twitter_card":"summary_large_image","twitter_misc":{"Tiempo de lectura":"3 minutos"},"schema":{"@context":"https:\/\/schema.org","@graph":[{"@type":"WebPage","@id":"https:\/\/www.actosinstitucionales.archimadrid.com\/index.php\/corpus-christi\/","url":"https:\/\/www.actosinstitucionales.archimadrid.com\/index.php\/corpus-christi\/","name":"Corpus Christi - Actos Institucionales","isPartOf":{"@id":"https:\/\/www.actosinstitucionales.archimadrid.com\/#website"},"datePublished":"2020-11-13T10:10:04+00:00","dateModified":"2022-06-08T09:18:04+00:00","breadcrumb":{"@id":"https:\/\/www.actosinstitucionales.archimadrid.com\/index.php\/corpus-christi\/#breadcrumb"},"inLanguage":"es","potentialAction":[{"@type":"ReadAction","target":["https:\/\/www.actosinstitucionales.archimadrid.com\/index.php\/corpus-christi\/"]}]},{"@type":"BreadcrumbList","@id":"https:\/\/www.actosinstitucionales.archimadrid.com\/index.php\/corpus-christi\/#breadcrumb","itemListElement":[{"@type":"ListItem","position":1,"name":"Home","item":"https:\/\/www.actosinstitucionales.archimadrid.com\/"},{"@type":"ListItem","position":2,"name":"Corpus Christi"}]},{"@type":"WebSite","@id":"https:\/\/www.actosinstitucionales.archimadrid.com\/#website","url":"https:\/\/www.actosinstitucionales.archimadrid.com\/","name":"Actos Institucionales","description":"Archidi\u00f3cesis de Madrid","potentialAction":[{"@type":"SearchAction","target":{"@type":"EntryPoint","urlTemplate":"https:\/\/www.actosinstitucionales.archimadrid.com\/?s={search_term_string}"},"query-input":{"@type":"PropertyValueSpecification","valueRequired":true,"valueName":"search_term_string"}}],"inLanguage":"es"}]}},"_links":{"self":[{"href":"https:\/\/www.actosinstitucionales.archimadrid.com\/index.php\/wp-json\/wp\/v2\/pages\/326","targetHints":{"allow":["GET"]}}],"collection":[{"href":"https:\/\/www.actosinstitucionales.archimadrid.com\/index.php\/wp-json\/wp\/v2\/pages"}],"about":[{"href":"https:\/\/www.actosinstitucionales.archimadrid.com\/index.php\/wp-json\/wp\/v2\/types\/page"}],"author":[{"embeddable":true,"href":"https:\/\/www.actosinstitucionales.archimadrid.com\/index.php\/wp-json\/wp\/v2\/users\/2"}],"replies":[{"embeddable":true,"href":"https:\/\/www.actosinstitucionales.archimadrid.com\/index.php\/wp-json\/wp\/v2\/comments?post=326"}],"version-history":[{"count":3,"href":"https:\/\/www.actosinstitucionales.archimadrid.com\/index.php\/wp-json\/wp\/v2\/pages\/326\/revisions"}],"predecessor-version":[{"id":452,"href":"https:\/\/www.actosinstitucionales.archimadrid.com\/index.php\/wp-json\/wp\/v2\/pages\/326\/revisions\/452"}],"wp:attachment":[{"href":"https:\/\/www.actosinstitucionales.archimadrid.com\/index.php\/wp-json\/wp\/v2\/media?parent=326"}],"curies":[{"name":"wp","href":"https:\/\/api.w.org\/{rel}","templated":true}]}}

<p>[et_pb_section fb_built=»1&#8243; fullwidth=»on» _builder_version=»4.16&#8243; _module_preset=»default» background_image=»https://www.actosinstitucionales.archimadrid.com/wp-content/uploads/2020/11/Corpus_2019_g.jpg» parallax=»on» custom_padding=»|||» animation_style=»slide» animation_direction=»top» animation_intensity_slide=»2%» global_colors_info=»{}»][et_pb_fullwidth_header title=»Corpus Christi» _builder_version=»4.16&#8243; _module_preset=»default» title_font=»||||||||» title_font_size=»60px» background_enable_color=»off» use_background_color_gradient=»on» background_color_gradient_direction=»90deg» background_color_gradient_stops=»#000000 0%|rgba(0,0,0,0) 100%» background_color_gradient_start=»#000000&#8243; background_color_gradient_end=»rgba(0,0,0,0)» custom_margin=»|30%|||false|false» custom_padding=»8vw||8vw||true|false» title_text_shadow_style=»preset2&#8243; text_shadow_style=»preset2&#8243; global_colors_info=»{}»]</p>
<p><span style="font-size: 14pt;">La procesión del Corpus Christi en la Solemnidad del Cuerpo y la Sangre de Cristo es hacer un homenaje agradecido, público y multitudinario de la presencia real de Cristo en la Eucaristía.</span></p>
<p>[/et_pb_fullwidth_header][/et_pb_section][et_pb_section fb_built=»1&#8243; custom_padding_last_edited=»on|tablet» admin_label=»Corpus Historia» _builder_version=»4.17.4&#8243; background_image=»https://www.actosinstitucionales.archimadrid.com/wp-content/uploads/2020/10/sponsor-bg-01-1.png» background_size=»initial» background_position=»center_right» custom_padding=»|10vw||» custom_padding_tablet=»|0vw||» custom_padding_phone=»» hover_enabled=»0&#8243; border_color_all=»#8300e9&#8243; border_width_left=»10vw» collapsed=»off» global_colors_info=»{}» sticky_enabled=»0&#8243;][et_pb_row column_structure=»2_5,3_5&#8243; _builder_version=»4.16&#8243; global_colors_info=»{}»][et_pb_column type=»2_5&#8243; _builder_version=»4.16&#8243; custom_padding=»|||» global_colors_info=»{}» custom_padding__hover=»|||»][et_pb_image src=»https://www.actosinstitucionales.archimadrid.com/wp-content/uploads/2020/11/Corpus_d_2019.jpg» title_text=»Corpus_d_2019&#8243; align_tablet=»center» align_phone=»» align_last_edited=»on|desktop» _builder_version=»4.16&#8243; border_radii=»on|10px|10px|10px|10px» global_colors_info=»{}»][/et_pb_image][/et_pb_column][et_pb_column type=»3_5&#8243; _builder_version=»4.16&#8243; custom_padding=»|||» global_colors_info=»{}» custom_padding__hover=»|||»][et_pb_text _builder_version=»4.16&#8243; _module_preset=»default» global_colors_info=»{}»]</p>
<div><span style="font-size: 12pt;">Se acostumbra a sacar en procesión al Santísimo Sacramento por las calles y las plazas del centro de Madrid para afirmar el misterio del Dios con nosotros en la Eucaristía. Su origen data del siglo XIII y, aunque se señala como fecha clave para la celebración el año 1240, fue realmente Urbano IV quien lo refrendó en 1264 PT y Clemente V lo confirmó en 1311. Sabemos que en Toledo el castellano monarca Alfonso X el Sabio participó en la celebración del Corpus en el año de 1280. En el siglo XV ya está establecida de forma definitiva la fiesta, en Madrid</span></div>
<div> </div>
<div><span style="font-size: 12pt;">Una tradición de siglos en Madrid donde el Santísimo es acompañado por las congregaciones, asociaciones y hermandades eucarísticas de la ciudad, junto con el pueblo cristiano madrileño. Esta tiene lugar todos los años en la tarde del domingo posterior a la Santísima Trinidad. Se utiliza para ello la Custodia de la ciudad realizada por Francisco  Álvarez  en dos partes primero en 1568 las andas y más tarde en 1573 la  custodia completa. Dado que la ciudad de Madrid estaba incorporada a la diócesis de Toledo y no había Catedral se decidió depositar en el Ayuntamiento donde actualmente se conserva.  </span></div>
<p>[/et_pb_text][/et_pb_column][/et_pb_row][/et_pb_section]</p>

<p>La procesión del Corpus Christi en la Solemnidad del Cuerpo y la Sangre de Cristo es hacer un homenaje agradecido, público y multitudinario de la presencia real de Cristo en la Eucaristía.Se acostumbra a sacar en procesión al Santísimo Sacramento por las calles y las plazas del centro de Madrid para afirmar el misterio del [&hellip;]</p>

<!-- This site is optimized with the Yoast SEO plugin v26.2 - https://yoast.com/wordpress/plugins/seo/ -->
<title>Corpus Christi - Actos Institucionales</title>
<meta name="robots" content="index, follow, max-snippet:-1, max-image-preview:large, max-video-preview:-1" />
<link rel="canonical" href="https://www.actosinstitucionales.archimadrid.com/index.php/corpus-christi/" />
<meta property="og:locale" content="es_ES" />
<meta property="og:type" content="article" />
<meta property="og:title" content="Corpus Christi - Actos Institucionales" />
<meta property="og:description" content="La procesión del Corpus Christi en la Solemnidad del Cuerpo y la Sangre de Cristo es hacer un homenaje agradecido, público y multitudinario de la presencia real de Cristo en la Eucaristía.Se acostumbra a sacar en procesión al Santísimo Sacramento por las calles y las plazas del centro de Madrid para afirmar el misterio del [&hellip;]" />
<meta property="og:url" content="https://www.actosinstitucionales.archimadrid.com/index.php/corpus-christi/" />
<meta property="og:site_name" content="Actos Institucionales" />
<meta property="article:modified_time" content="2022-06-08T09:18:04+00:00" />
<meta name="twitter:card" content="summary_large_image" />
<meta name="twitter:label1" content="Tiempo de lectura" />
	<meta name="twitter:data1" content="3 minutos" />
<script type="application/ld+json" class="yoast-schema-graph">{"@context":"https://schema.org","@graph":[{"@type":"WebPage","@id":"https://www.actosinstitucionales.archimadrid.com/index.php/corpus-christi/","url":"https://www.actosinstitucionales.archimadrid.com/index.php/corpus-christi/","name":"Corpus Christi - Actos Institucionales","isPartOf":{"@id":"https://www.actosinstitucionales.archimadrid.com/#website"},"datePublished":"2020-11-13T10:10:04+00:00","dateModified":"2022-06-08T09:18:04+00:00","breadcrumb":{"@id":"https://www.actosinstitucionales.archimadrid.com/index.php/corpus-christi/#breadcrumb"},"inLanguage":"es","potentialAction":[{"@type":"ReadAction","target":["https://www.actosinstitucionales.archimadrid.com/index.php/corpus-christi/"]}]},{"@type":"BreadcrumbList","@id":"https://www.actosinstitucionales.archimadrid.com/index.php/corpus-christi/#breadcrumb","itemListElement":[{"@type":"ListItem","position":1,"name":"Home","item":"https://www.actosinstitucionales.archimadrid.com/"},{"@type":"ListItem","position":2,"name":"Corpus Christi"}]},{"@type":"WebSite","@id":"https://www.actosinstitucionales.archimadrid.com/#website","url":"https://www.actosinstitucionales.archimadrid.com/","name":"Actos Institucionales","description":"Archidiócesis de Madrid","potentialAction":[{"@type":"SearchAction","target":{"@type":"EntryPoint","urlTemplate":"https://www.actosinstitucionales.archimadrid.com/?s={search_term_string}"},"query-input":{"@type":"PropertyValueSpecification","valueRequired":true,"valueName":"search_term_string"}}],"inLanguage":"es"}]}</script>
<!-- / Yoast SEO plugin. -->

La procesión del Corpus Christi en la Solemnidad del Cuerpo y la Sangre de Cristo es hacer un homenaje agradecido, público y multitudinario de la presencia real de Cristo en la Eucaristía.Se acostumbra a sacar en procesión al Santísimo Sacramento por las calles y las plazas del centro de Madrid para afirmar el misterio del [&hellip;]

Archidiócesis de Madrid
