{"id":276,"date":"2020-10-30T10:06:35","date_gmt":"2020-10-30T10:06:35","guid":{"rendered":"https:\/\/www.actosinstitucionales.archimadrid.com\/?page_id=276"},"modified":"2020-11-16T13:00:41","modified_gmt":"2020-11-16T13:00:41","slug":"inicio-2","status":"publish","type":"page","link":"https:\/\/www.actosinstitucionales.archimadrid.com\/","title":{"rendered":"Inicio"},"content":{"rendered":"<p>[et_pb_section fb_built=\u00bb1&#8243; fullwidth=\u00bbon\u00bb _builder_version=\u00bb4.6.6&#8243; _module_preset=\u00bbdefault\u00bb background_image=\u00bbhttps:\/\/www.actosinstitucionales.archimadrid.com\/wp-content\/uploads\/2020\/10\/Corpus_b-grande.jpg\u00bb parallax=\u00bbon\u00bb custom_padding=\u00bb|||\u00bb animation_style=\u00bbslide\u00bb animation_direction=\u00bbtop\u00bb animation_intensity_slide=\u00bb2%\u00bb][et_pb_fullwidth_header title=\u00bbBienvenido\u00bb _builder_version=\u00bb4.6.6&#8243; _module_preset=\u00bbdefault\u00bb title_font=\u00bb||||||||\u00bb title_font_size=\u00bb60px\u00bb background_enable_color=\u00bboff\u00bb use_background_color_gradient=\u00bbon\u00bb background_color_gradient_start=\u00bb#000000&#8243; background_color_gradient_end=\u00bbrgba(0,0,0,0)\u00bb background_color_gradient_direction=\u00bb90deg\u00bb custom_margin=\u00bb|30%|||false|false\u00bb custom_padding=\u00bb8vw||8vw||true|false\u00bb title_text_shadow_style=\u00bbpreset2&#8243; text_shadow_style=\u00bbpreset2&#8243;]<\/p>\n<p><span style=\"font-size: 14pt;\">Somos el Departamento de la Vicar\u00eda General que se encarga de la organizaci\u00f3n de los grandes eventos diocesanos de la Archidi\u00f3cesis de Madrid.<\/span><\/p>\n<p>[\/et_pb_fullwidth_header][\/et_pb_section][et_pb_section fb_built=\u00bb1&#8243; custom_padding_last_edited=\u00bbon|tablet\u00bb admin_label=\u00bbDatos\u00bb _builder_version=\u00bb4.6.6&#8243; background_enable_image=\u00bboff\u00bb background_size=\u00bbinitial\u00bb background_position=\u00bbcenter_right\u00bb custom_padding=\u00bb|10vw||\u00bb custom_padding_tablet=\u00bb|0vw||\u00bb custom_padding_phone=\u00bb\u00bb border_color_all=\u00bb#8300e9&#8243; border_width_left=\u00bb10vw\u00bb collapsed=\u00bboff\u00bb][et_pb_row column_structure=\u00bb1_2,1_2&#8243; _builder_version=\u00bb3.25&#8243;][et_pb_column type=\u00bb1_2&#8243; _builder_version=\u00bb3.25&#8243; custom_padding=\u00bb|||\u00bb custom_padding__hover=\u00bb|||\u00bb][et_pb_blurb use_icon=\u00bbon\u00bb font_icon=\u00bb%%104%%\u00bb _builder_version=\u00bb4.7.0&#8243; _module_preset=\u00bbdefault\u00bb hover_enabled=\u00bb0&#8243; sticky_enabled=\u00bb0&#8243;]<\/p>\n<h2 style=\"text-align: center;\"><span lang=\"ES-TRAD\">91 454 64 41<\/span><\/h2>\n<p>[\/et_pb_blurb][\/et_pb_column][et_pb_column type=\u00bb1_2&#8243; _builder_version=\u00bb3.25&#8243; custom_padding=\u00bb|||\u00bb custom_padding__hover=\u00bb|||\u00bb][et_pb_blurb use_icon=\u00bbon\u00bb font_icon=\u00bb%%109%%\u00bb _builder_version=\u00bb4.6.6&#8243; _module_preset=\u00bbdefault\u00bb]<\/p>\n<h3 style=\"text-align: center;\"><a href=\"mailto:actosinstitucionales@archimadrid.es\"><span lang=\"ES-TRAD\">actosinstitucionales@archimadrid.es<\/span><\/a><\/h3>\n<p>[\/et_pb_blurb][\/et_pb_column][\/et_pb_row][\/et_pb_section][et_pb_section fb_built=\u00bb1&#8243; fullwidth=\u00bbon\u00bb _builder_version=\u00bb4.6.6&#8243; _module_preset=\u00bbdefault\u00bb background_image=\u00bbhttps:\/\/www.actosinstitucionales.archimadrid.com\/wp-content\/uploads\/2020\/10\/Peace_banner-grande.jpg\u00bb parallax=\u00bbon\u00bb custom_padding=\u00bb|||\u00bb animation_style=\u00bbslide\u00bb animation_direction=\u00bbtop\u00bb animation_intensity_slide=\u00bb2%\u00bb][et_pb_fullwidth_header _builder_version=\u00bb4.6.6&#8243; _module_preset=\u00bbdefault\u00bb title_font=\u00bb||||||||\u00bb title_font_size=\u00bb60px\u00bb content_text_align=\u00bbright\u00bb background_enable_color=\u00bboff\u00bb use_background_color_gradient=\u00bbon\u00bb background_color_gradient_start=\u00bb#000000&#8243; background_color_gradient_end=\u00bbrgba(0,0,0,0)\u00bb background_color_gradient_direction=\u00bb-90deg\u00bb custom_margin=\u00bb|||40%|false|false\u00bb custom_padding=\u00bb8vw||8vw||true|false\u00bb title_text_shadow_style=\u00bbpreset2&#8243; text_shadow_style=\u00bbpreset2&#8243;]<\/p>\n<p style=\"text-align: right;\"><span style=\"font-size: 14pt;\">La organizaci\u00f3n de un gran evento religioso es un complejo desarrollo que requiere un equipo numeroso con una amplia coordinaci\u00f3n y comunicaci\u00f3n. Desde su planificaci\u00f3n, pasando por su difusi\u00f3n, su montaje, su desarrollo, hasta su desmontaje y evaluaci\u00f3n, es muy importante tener claro el sentido y la finalidad pastoral por el que se realiza.<\/span><\/p>\n<p>[\/et_pb_fullwidth_header][\/et_pb_section][et_pb_section fb_built=\u00bb1&#8243; admin_label=\u00bbEventos\u00bb _builder_version=\u00bb4.6.6&#8243; background_color_gradient_direction=\u00bb90deg\u00bb background_enable_image=\u00bboff\u00bb custom_margin=\u00bb|||\u00bb custom_padding=\u00bb100px||100px||true\u00bb collapsed=\u00bboff\u00bb][et_pb_row column_structure=\u00bb1_4,1_4,1_4,1_4&#8243; _builder_version=\u00bb3.25&#8243;][et_pb_column type=\u00bb1_4&#8243; _builder_version=\u00bb3.25&#8243; custom_padding=\u00bb|||\u00bb custom_padding__hover=\u00bb|||\u00bb][et_pb_blurb title=\u00bbFiesta de la Almudena\u00bb url=\u00bbhttps:\/\/www.actosinstitucionales.archimadrid.com\/index.php\/fiesta-de-la-almudena\/\u00bb image=\u00bbhttps:\/\/www.actosinstitucionales.archimadrid.com\/wp-content\/uploads\/2020\/10\/Almudena.jpg\u00bb _builder_version=\u00bb4.7.0&#8243; _module_preset=\u00bbdefault\u00bb header_text_align=\u00bbcenter\u00bb hover_enabled=\u00bb0&#8243; border_radii_image=\u00bbon|20px|20px|20px|20px\u00bb sticky_enabled=\u00bb0&#8243;][\/et_pb_blurb][\/et_pb_column][et_pb_column type=\u00bb1_4&#8243; _builder_version=\u00bb3.25&#8243; custom_padding=\u00bb|||\u00bb custom_padding__hover=\u00bb|||\u00bb][et_pb_blurb title=\u00bbCorpus Christi\u00bb url=\u00bbhttps:\/\/www.actosinstitucionales.archimadrid.com\/index.php\/corpus-christi\/\u00bb image=\u00bbhttps:\/\/www.actosinstitucionales.archimadrid.com\/wp-content\/uploads\/2020\/10\/corpus.jpg\u00bb _builder_version=\u00bb4.7.0&#8243; _module_preset=\u00bbdefault\u00bb header_text_align=\u00bbcenter\u00bb border_radii_image=\u00bbon|20px|20px|20px|20px\u00bb][\/et_pb_blurb][\/et_pb_column][et_pb_column type=\u00bb1_4&#8243; _builder_version=\u00bb3.25&#8243; custom_padding=\u00bb|||\u00bb custom_padding__hover=\u00bb|||\u00bb][et_pb_blurb title=\u00bbOtros Actos\u00bb image=\u00bbhttps:\/\/www.actosinstitucionales.archimadrid.com\/wp-content\/uploads\/2020\/10\/P-Otros-Actos-2.jpg\u00bb _builder_version=\u00bb4.7.0&#8243; _module_preset=\u00bbdefault\u00bb header_text_align=\u00bbcenter\u00bb border_radii_image=\u00bbon|20px|20px|20px|20px\u00bb][\/et_pb_blurb][\/et_pb_column][et_pb_column type=\u00bb1_4&#8243; _builder_version=\u00bb3.25&#8243; custom_padding=\u00bb|||\u00bb custom_padding__hover=\u00bb|||\u00bb][et_pb_blurb title=\u00bbVoluntariado\u00bb url=\u00bbhttps:\/\/www.actosinstitucionales.archimadrid.com\/index.php\/voluntarios\/\u00bb image=\u00bbhttps:\/\/www.actosinstitucionales.archimadrid.com\/wp-content\/uploads\/2020\/10\/Voluntario-5.jpg\u00bb _builder_version=\u00bb4.7.0&#8243; _module_preset=\u00bbdefault\u00bb header_text_align=\u00bbcenter\u00bb border_radii_image=\u00bbon|20px|20px|20px|20px\u00bb][\/et_pb_blurb][\/et_pb_column][\/et_pb_row][\/et_pb_section]<\/p>\n","protected":false},"excerpt":{"rendered":"<p>Somos el Departamento de la Vicar\u00eda General que se encarga de la organizaci\u00f3n de los grandes eventos diocesanos de la Archidi\u00f3cesis de Madrid.91 454 64 41 actosinstitucionales@archimadrid.esLa organizaci\u00f3n de un gran evento religioso es un complejo desarrollo que requiere un equipo numeroso con una amplia coordinaci\u00f3n y comunicaci\u00f3n. Desde su planificaci\u00f3n, pasando por su difusi\u00f3n, [&hellip;]<\/p>\n","protected":false},"author":2,"featured_media":0,"parent":0,"menu_order":0,"comment_status":"closed","ping_status":"closed","template":"","meta":{"_et_pb_use_builder":"on","_et_pb_old_content":"","_et_gb_content_width":"","footnotes":""},"class_list":["post-276","page","type-page","status-publish","hentry"],"yoast_head":"<!-- This site is optimized with the Yoast SEO plugin v26.2 - https:\/\/yoast.com\/wordpress\/plugins\/seo\/ -->\n<title>Inicio - Actos Institucionales<\/title>\n<meta name=\"robots\" content=\"index, follow, max-snippet:-1, max-image-preview:large, max-video-preview:-1\" \/>\n<link rel=\"canonical\" href=\"https:\/\/www.actosinstitucionales.archimadrid.com\/\" \/>\n<meta property=\"og:locale\" content=\"es_ES\" \/>\n<meta property=\"og:type\" content=\"article\" \/>\n<meta property=\"og:title\" content=\"Inicio - Actos Institucionales\" \/>\n<meta property=\"og:description\" content=\"Somos el Departamento de la Vicar\u00eda General que se encarga de la organizaci\u00f3n de los grandes eventos diocesanos de la Archidi\u00f3cesis de Madrid.91 454 64 41 actosinstitucionales@archimadrid.esLa organizaci\u00f3n de un gran evento religioso es un complejo desarrollo que requiere un equipo numeroso con una amplia coordinaci\u00f3n y comunicaci\u00f3n. Desde su planificaci\u00f3n, pasando por su difusi\u00f3n, [&hellip;]\" \/>\n<meta property=\"og:url\" content=\"https:\/\/www.actosinstitucionales.archimadrid.com\/\" \/>\n<meta property=\"og:site_name\" content=\"Actos Institucionales\" \/>\n<meta property=\"article:modified_time\" content=\"2020-11-16T13:00:41+00:00\" \/>\n<meta name=\"twitter:card\" content=\"summary_large_image\" \/>\n<meta name=\"twitter:label1\" content=\"Tiempo de lectura\" \/>\n\t<meta name=\"twitter:data1\" content=\"3 minutos\" \/>\n<script type=\"application\/ld+json\" class=\"yoast-schema-graph\">{\"@context\":\"https:\/\/schema.org\",\"@graph\":[{\"@type\":\"WebPage\",\"@id\":\"https:\/\/www.actosinstitucionales.archimadrid.com\/\",\"url\":\"https:\/\/www.actosinstitucionales.archimadrid.com\/\",\"name\":\"Inicio - Actos Institucionales\",\"isPartOf\":{\"@id\":\"https:\/\/www.actosinstitucionales.archimadrid.com\/#website\"},\"datePublished\":\"2020-10-30T10:06:35+00:00\",\"dateModified\":\"2020-11-16T13:00:41+00:00\",\"breadcrumb\":{\"@id\":\"https:\/\/www.actosinstitucionales.archimadrid.com\/#breadcrumb\"},\"inLanguage\":\"es\",\"potentialAction\":[{\"@type\":\"ReadAction\",\"target\":[\"https:\/\/www.actosinstitucionales.archimadrid.com\/\"]}]},{\"@type\":\"BreadcrumbList\",\"@id\":\"https:\/\/www.actosinstitucionales.archimadrid.com\/#breadcrumb\",\"itemListElement\":[{\"@type\":\"ListItem\",\"position\":1,\"name\":\"Home\",\"item\":\"https:\/\/www.actosinstitucionales.archimadrid.com\/\"},{\"@type\":\"ListItem\",\"position\":2,\"name\":\"Inicio\"}]},{\"@type\":\"WebSite\",\"@id\":\"https:\/\/www.actosinstitucionales.archimadrid.com\/#website\",\"url\":\"https:\/\/www.actosinstitucionales.archimadrid.com\/\",\"name\":\"Actos Institucionales\",\"description\":\"Archidi\u00f3cesis de Madrid\",\"potentialAction\":[{\"@type\":\"SearchAction\",\"target\":{\"@type\":\"EntryPoint\",\"urlTemplate\":\"https:\/\/www.actosinstitucionales.archimadrid.com\/?s={search_term_string}\"},\"query-input\":{\"@type\":\"PropertyValueSpecification\",\"valueRequired\":true,\"valueName\":\"search_term_string\"}}],\"inLanguage\":\"es\"}]}<\/script>\n<!-- \/ Yoast SEO plugin. -->","yoast_head_json":{"title":"Inicio - Actos Institucionales","robots":{"index":"index","follow":"follow","max-snippet":"max-snippet:-1","max-image-preview":"max-image-preview:large","max-video-preview":"max-video-preview:-1"},"canonical":"https:\/\/www.actosinstitucionales.archimadrid.com\/","og_locale":"es_ES","og_type":"article","og_title":"Inicio - Actos Institucionales","og_description":"Somos el Departamento de la Vicar\u00eda General que se encarga de la organizaci\u00f3n de los grandes eventos diocesanos de la Archidi\u00f3cesis de Madrid.91 454 64 41 actosinstitucionales@archimadrid.esLa organizaci\u00f3n de un gran evento religioso es un complejo desarrollo que requiere un equipo numeroso con una amplia coordinaci\u00f3n y comunicaci\u00f3n. Desde su planificaci\u00f3n, pasando por su difusi\u00f3n, [&hellip;]","og_url":"https:\/\/www.actosinstitucionales.archimadrid.com\/","og_site_name":"Actos Institucionales","article_modified_time":"2020-11-16T13:00:41+00:00","twitter_card":"summary_large_image","twitter_misc":{"Tiempo de lectura":"3 minutos"},"schema":{"@context":"https:\/\/schema.org","@graph":[{"@type":"WebPage","@id":"https:\/\/www.actosinstitucionales.archimadrid.com\/","url":"https:\/\/www.actosinstitucionales.archimadrid.com\/","name":"Inicio - Actos Institucionales","isPartOf":{"@id":"https:\/\/www.actosinstitucionales.archimadrid.com\/#website"},"datePublished":"2020-10-30T10:06:35+00:00","dateModified":"2020-11-16T13:00:41+00:00","breadcrumb":{"@id":"https:\/\/www.actosinstitucionales.archimadrid.com\/#breadcrumb"},"inLanguage":"es","potentialAction":[{"@type":"ReadAction","target":["https:\/\/www.actosinstitucionales.archimadrid.com\/"]}]},{"@type":"BreadcrumbList","@id":"https:\/\/www.actosinstitucionales.archimadrid.com\/#breadcrumb","itemListElement":[{"@type":"ListItem","position":1,"name":"Home","item":"https:\/\/www.actosinstitucionales.archimadrid.com\/"},{"@type":"ListItem","position":2,"name":"Inicio"}]},{"@type":"WebSite","@id":"https:\/\/www.actosinstitucionales.archimadrid.com\/#website","url":"https:\/\/www.actosinstitucionales.archimadrid.com\/","name":"Actos Institucionales","description":"Archidi\u00f3cesis de Madrid","potentialAction":[{"@type":"SearchAction","target":{"@type":"EntryPoint","urlTemplate":"https:\/\/www.actosinstitucionales.archimadrid.com\/?s={search_term_string}"},"query-input":{"@type":"PropertyValueSpecification","valueRequired":true,"valueName":"search_term_string"}}],"inLanguage":"es"}]}},"_links":{"self":[{"href":"https:\/\/www.actosinstitucionales.archimadrid.com\/index.php\/wp-json\/wp\/v2\/pages\/276","targetHints":{"allow":["GET"]}}],"collection":[{"href":"https:\/\/www.actosinstitucionales.archimadrid.com\/index.php\/wp-json\/wp\/v2\/pages"}],"about":[{"href":"https:\/\/www.actosinstitucionales.archimadrid.com\/index.php\/wp-json\/wp\/v2\/types\/page"}],"author":[{"embeddable":true,"href":"https:\/\/www.actosinstitucionales.archimadrid.com\/index.php\/wp-json\/wp\/v2\/users\/2"}],"replies":[{"embeddable":true,"href":"https:\/\/www.actosinstitucionales.archimadrid.com\/index.php\/wp-json\/wp\/v2\/comments?post=276"}],"version-history":[{"count":21,"href":"https:\/\/www.actosinstitucionales.archimadrid.com\/index.php\/wp-json\/wp\/v2\/pages\/276\/revisions"}],"predecessor-version":[{"id":351,"href":"https:\/\/www.actosinstitucionales.archimadrid.com\/index.php\/wp-json\/wp\/v2\/pages\/276\/revisions\/351"}],"wp:attachment":[{"href":"https:\/\/www.actosinstitucionales.archimadrid.com\/index.php\/wp-json\/wp\/v2\/media?parent=276"}],"curies":[{"name":"wp","href":"https:\/\/api.w.org\/{rel}","templated":true}]}}